{"id":107,"date":"2017-09-11T21:51:36","date_gmt":"2017-09-11T19:51:36","guid":{"rendered":"http:\/\/djibril.sk\/vermas\/?page_id=107"},"modified":"2020-01-20T22:37:40","modified_gmt":"2020-01-20T21:37:40","slug":"cursuri","status":"publish","type":"page","link":"https:\/\/stopdureridespate.ro\/?page_id=107","title":{"rendered":"Cursuri"},"content":{"rendered":"\n<table id=\"tablepress-1\" class=\"tablepress tablepress-id-1\">\n<thead>\n<tr class=\"row-1\">\n\t<th class=\"column-1\">Data cursului<\/th><th class=\"column-2\">Locul<\/th><th class=\"column-3\">Cursul<\/th><th class=\"column-4\">Contact- informa\u021bii<br \/>\n<\/th>\n<\/tr>\n<\/thead>\n<tbody class=\"row-striping row-hover\">\n<tr class=\"row-2\">\n\t<td class=\"column-1\">28.02.2026<\/td><td class=\"column-2\">Oradea<\/td><td class=\"column-3\">Exerci\u021bii SPS \/150\u20ac\/ 6 ore <\/td><td class=\"column-4\">Instructor Jan Verbenik<br \/>\r\njanverbenik@gmail.com <br \/>\r\nTel.\/WhatsApp: <br \/>\r\n+421 918 456 507<br \/>\r\n<\/td>\n<\/tr>\n<tr class=\"row-3\">\n\t<td class=\"column-1\">21.03.2026<br \/>\n<\/td><td class=\"column-2\">Timi\u0219oara <\/td><td class=\"column-3\">Exerci\u021bii SPS \/150\u20ac\/ 6 ore.<\/td><td class=\"column-4\">Instructor Jan Verbenik<br \/>\r\njanverbenik@gmail.com <br \/>\r\nTel.\/WhatsApp: <br \/>\r\n+421 918 456 507<br \/>\r\n<\/td>\n<\/tr>\n<tr class=\"row-4\">\n\t<td class=\"column-1\">28.04.2026<br \/>\n<\/td><td class=\"column-2\">Oradea<\/td><td class=\"column-3\">Exerci\u021bii SPS \/150\u20ac\/6 ore<\/td><td class=\"column-4\">Instructor Jan Verbenik<br \/>\r\njanverbenik@gmail.com <br \/>\r\nTel.\/WhatsApp: <br \/>\r\n+421 918 456 507<br \/>\r\n<\/td>\n<\/tr>\n<tr class=\"row-5\">\n\t<td class=\"column-1\">16..05.2026<\/td><td class=\"column-2\">Craiova <\/td><td class=\"column-3\">Exerci\u021bii SPS \/150\u20ac \/6ore\/ <\/td><td class=\"column-4\">Instructor Jan Verbenik<br \/>\r\njanverbenik@gmail.com <br \/>\r\nTel.\/WhatsApp: <br \/>\r\n+421 918 456 507<br \/>\r\n<\/td>\n<\/tr>\n<tr class=\"row-6\">\n\t<td class=\"column-1\">1-10.08.2026<\/td><td class=\"column-2\">Eforia Nord<\/td><td class=\"column-3\">Exerci\u021bii SPS \/150\u20ac 6 ore\/ <\/td><td class=\"column-4\">Instructor Jan Verbenik<br \/>\r\njanverbenik@gmail.com <br \/>\r\nTel.\/WhatsApp: <br \/>\r\n+421 918 456 507<br \/>\r\n<\/td>\n<\/tr>\n<tr class=\"row-7\">\n\t<td class=\"column-1\">Online <\/td><td class=\"column-2\">6 x 45min. - Zoom <\/td><td class=\"column-3\">Postur\u0103 &amp; Articula\u021bii s\u0103n\u0103toase la orice v\u00e2rst\u0103 \/ 160 Euro (inclus materiale + transport)<\/td><td class=\"column-4\">Trainer Corina Dr\u0103goi<br \/>\ninfo@synvitality.de<br \/>\nWhapsApp: <br \/>\n+49 176 878 22 640<br \/>\n<\/td>\n<\/tr>\n<tr class=\"row-8\">\n\t<td class=\"column-1\">13-18.10.2026<\/td><td class=\"column-2\">Bra\u0219ov<\/td><td class=\"column-3\">Exerci\u021bii SPS \/ 160\u20ac   <\/td><td class=\"column-4\">Instructor Jan Verbenik<br \/>\njanverbenik@gmail.com <br \/>\nTel.\/WhatsApp: <br \/>\n+421 918 456 507<br \/>\n<\/td>\n<\/tr>\n<tr class=\"row-9\">\n\t<td class=\"column-1\">2026<\/td><td class=\"column-2\">Iasi<\/td><td class=\"column-3\">Ini\u021biere Metoda SPS \/ 160 Euro \/ 800 Lei (inclus materiale + transport)<\/td><td class=\"column-4\">Trainer Corina Dr\u0103goi<br \/>\ninfo@synvitality.de<br \/>\nWhapsApp: <br \/>\n+49 176 878 22 640<br \/>\n<\/td>\n<\/tr>\n<tr class=\"row-10\">\n\t<td class=\"column-1\">2026<\/td><td class=\"column-2\">Brasov<\/td><td class=\"column-3\">Ini\u021biere Metoda SPS \/ 160 Euro \/ 800 Lei (inclus materiale + transport)<\/td><td class=\"column-4\">Trainer Corina Dr\u0103goi<br \/>\ninfo@synvitality.de<br \/>\nWhapsApp: <br \/>\n+49 176 878 22 640<br \/>\n<\/td>\n<\/tr>\n<\/tbody>\n<\/table>\n<!-- #tablepress-1 from cache -->\n<hr \/>\n<div class='content-column one_half'><h3>Selecta\u021bi data cursului \u00een formularul de \u00eenregistrare mai jos .<\/h3>\n\n<div class=\"wpcf7 no-js\" id=\"wpcf7-f112-o1\" lang=\"sk-SK\" dir=\"ltr\" data-wpcf7-id=\"112\">\n<div class=\"screen-reader-response\"><p role=\"status\" aria-live=\"polite\" aria-atomic=\"true\"><\/p> <ul><\/ul><\/div>\n<form action=\"\/index.php?rest_route=%2Fwp%2Fv2%2Fpages%2F107#wpcf7-f112-o1\" method=\"post\" class=\"wpcf7-form init\" aria-label=\"Kontaktn\u00fd formul\u00e1r\" novalidate=\"novalidate\" data-status=\"init\">\n<fieldset class=\"hidden-fields-container\"><input type=\"hidden\" name=\"_wpcf7\" value=\"112\" \/><input type=\"hidden\" name=\"_wpcf7_version\" value=\"6.1.5\" \/><input type=\"hidden\" name=\"_wpcf7_locale\" value=\"sk_SK\" \/><input type=\"hidden\" name=\"_wpcf7_unit_tag\" value=\"wpcf7-f112-o1\" \/><input type=\"hidden\" name=\"_wpcf7_container_post\" value=\"0\" \/><input type=\"hidden\" name=\"_wpcf7_posted_data_hash\" value=\"\" \/>\n<\/fieldset>\n<p><label> NUME \u0218I PRENUME (Obligatoriu)<br \/>\n<span class=\"wpcf7-form-control-wrap\" data-name=\"your-name\"><input size=\"40\" maxlength=\"400\" class=\"wpcf7-form-control wpcf7-text wpcf7-validates-as-required\" aria-required=\"true\" aria-invalid=\"false\" value=\"\" type=\"text\" name=\"your-name\" \/><\/span> <\/label>\n<\/p>\n<p><label> E-MAIL (Obligatoriu)<br \/>\n<span class=\"wpcf7-form-control-wrap\" data-name=\"your-email\"><input size=\"40\" maxlength=\"400\" class=\"wpcf7-form-control wpcf7-email wpcf7-validates-as-required wpcf7-text wpcf7-validates-as-email\" aria-required=\"true\" aria-invalid=\"false\" value=\"\" type=\"email\" name=\"your-email\" \/><\/span> <\/label>\n<\/p>\n<p><label> Num\u0103rul de telefon (Obligatoriu)<br \/>\n<span class=\"wpcf7-form-control-wrap\" data-name=\"your-tel\"><input size=\"40\" maxlength=\"400\" class=\"wpcf7-form-control wpcf7-tel wpcf7-validates-as-required wpcf7-text wpcf7-validates-as-tel\" aria-required=\"true\" aria-invalid=\"false\" value=\"\" type=\"tel\" name=\"your-tel\" \/><\/span> <\/label>\n<\/p>\n<p><label> Termenul vostru (Obligatoriu)<br \/>\n<span class=\"wpcf7-form-control-wrap\" data-name=\"your-date\"><input class=\"wpcf7-form-control wpcf7-date wpcf7-validates-as-required wpcf7-validates-as-date\" aria-required=\"true\" aria-invalid=\"false\" placeholder=\"Selecta\u021bi data cursului\" value=\"\" type=\"date\" name=\"your-date\" \/><\/span> <\/label>\n<\/p>\n<p><input class=\"wpcf7-form-control wpcf7-submit has-spinner\" type=\"submit\" value=\"Trimite\" \/>\n<\/p><div class=\"wpcf7-response-output\" aria-hidden=\"true\"><\/div>\n<\/form>\n<\/div>\n<\/div>\n<p><span lang=\"RO\"><div class='content-column one_half last_column'><\/span><\/p>\n<h3><span lang=\"RO\">Instruc\u021biunile pentru curs:<\/span><\/h3>\n<ul>\n<li><span lang=\"RO\">Instructorul cursului: Jan Verbenik<\/span><\/li>\n<li><span lang=\"RO\">Locul de desf\u0103\u015furare:\u00a0<\/span><\/li>\n<li><span lang=\"RO\">\u00cenceperea cursului:\u00a0ora 9-16h<\/span><\/li>\n<li><strong><span lang=\"RO\"> V\u0103 rug\u0103m s\u0103 ne contacta\u021bi cel pu\u021bin 30 de zile \u00eenaintea cursului.<\/span><\/strong><\/li>\n<\/ul>\n<p><span lang=\"RO\"><strong>La curs s\u0103 v\u0103 aduce\u0163i \u00eembrac\u0103minte de sport.<\/strong><\/span><\/p>\n<hr \/>\n<p><em>1. Organizatorul \u00ee\u0219i rezerv\u0103 dreptul de a schimba data cursului din cauza motivelor serioase de exemplu<\/em><br \/>\n<em> boala instructorului sau insuficien\u0163a num\u0103rului de cursan\u0163i.<\/em><\/p>\n<p><em><span lang=\"RO\">\u00cen acest caz, va fi la adresa de e-mail sau prin telefon informat clientul f\u0103r\u0103 tax\u0103 .<\/span><\/em><\/p>\n<p><em>2. Organizatorl \u00ee\u0219i rezerv\u0103 dreptul de a schimba locul de desf\u0103\u0219urare a cursului , ceea ce este\u00a0<\/em><em><span lang=\"RO\">obligat s\u0103 comunice cu clien\u0163ii.<\/span><\/em><\/p>\n<p><span lang=\"RO\"><\/div><div class='clear_column'><\/div><\/span><\/p>\n<div class=\"cursuri-online page-header\">\n<h2>Online Cursuri<\/h2>\n<\/div>\n<div class=\"video-online\">\n<p>Exercitarea de la confortul propriei case.<br \/>\n\u00cenregistra\u021bi-v\u0103 \u0219i bucura\u021bi-v\u0103 de cursurile noastre online cu un lector certificat.<\/p>\n<p><a class=\"btn-videos\" href=\"http:\/\/stopdureridespate.ro\/?page_id=248\">Afla\u021bi mai multe<\/a><\/p>\n<\/div>\n<div class=\"video-online-r\"><div class=\"aiovg-player-container\" style=\"max-width: 100%;\"><div class=\"aiovg-player aiovg-player-iframe\" style=\"padding-bottom: 56.25%;\"><iframe loading=\"lazy\" src=\"https:\/\/stopdureridespate.ro\/?page_id=258&#038;aiovg_type=id&#038;aiovg_video=414\" title=\"Prezentarea teoriei SPS\" width=\"560\" height=\"315\" frameborder=\"0\" scrolling=\"no\" allow=\"accelerometer; autoplay; clipboard-write; encrypted-media; gyroscope; picture-in-picture; web-share\" allowfullscreen><\/iframe><\/div><\/div><\/div>\n","protected":false},"excerpt":{"rendered":"<p>Online Cursuri Exercitarea de la confortul propriei case. \u00cenregistra\u021bi-v\u0103 \u0219i bucura\u021bi-v\u0103 de cursurile noastre online cu un lector certificat. Afla\u021bi mai multe<\/p>\n","protected":false},"author":382396,"featured_media":0,"parent":0,"menu_order":0,"comment_status":"closed","ping_status":"closed","template":"template-fullwidth.php","meta":{"footnotes":""},"class_list":["post-107","page","type-page","status-publish","hentry"],"yoast_head":"<!-- This site is optimized with the Yoast SEO plugin v26.9 - https:\/\/yoast.com\/product\/yoast-seo-wordpress\/ -->\n<title>Cursuri - SPS<\/title>\n<meta name=\"robots\" content=\"index, follow, max-snippet:-1, max-image-preview:large, max-video-preview:-1\" \/>\n<link rel=\"canonical\" href=\"https:\/\/stopdureridespate.ro\/?page_id=107\" \/>\n<meta property=\"og:locale\" content=\"ro_RO\" \/>\n<meta property=\"og:type\" content=\"article\" \/>\n<meta property=\"og:title\" content=\"Cursuri - SPS\" \/>\n<meta property=\"og:description\" content=\"Online Cursuri Exercitarea de la confortul propriei case. \u00cenregistra\u021bi-v\u0103 \u0219i bucura\u021bi-v\u0103 de cursurile noastre online cu un lector certificat. Afla\u021bi mai multe\" \/>\n<meta property=\"og:url\" content=\"https:\/\/stopdureridespate.ro\/?page_id=107\" \/>\n<meta property=\"og:site_name\" content=\"SPS\" \/>\n<meta property=\"article:modified_time\" content=\"2020-01-20T21:37:40+00:00\" \/>\n<meta name=\"twitter:card\" content=\"summary_large_image\" \/>\n<meta name=\"twitter:label1\" content=\"Timp estimat pentru citire\" \/>\n\t<meta name=\"twitter:data1\" content=\"1 minut\" \/>\n<script type=\"application\/ld+json\" class=\"yoast-schema-graph\">{\"@context\":\"https:\/\/schema.org\",\"@graph\":[{\"@type\":\"WebPage\",\"@id\":\"https:\/\/stopdureridespate.ro\/?page_id=107\",\"url\":\"https:\/\/stopdureridespate.ro\/?page_id=107\",\"name\":\"Cursuri - SPS\",\"isPartOf\":{\"@id\":\"https:\/\/stopdureridespate.ro\/#website\"},\"datePublished\":\"2017-09-11T19:51:36+00:00\",\"dateModified\":\"2020-01-20T21:37:40+00:00\",\"breadcrumb\":{\"@id\":\"https:\/\/stopdureridespate.ro\/?page_id=107#breadcrumb\"},\"inLanguage\":\"ro-RO\",\"potentialAction\":[{\"@type\":\"ReadAction\",\"target\":[\"https:\/\/stopdureridespate.ro\/?page_id=107\"]}]},{\"@type\":\"BreadcrumbList\",\"@id\":\"https:\/\/stopdureridespate.ro\/?page_id=107#breadcrumb\",\"itemListElement\":[{\"@type\":\"ListItem\",\"position\":1,\"name\":\"Home\",\"item\":\"https:\/\/stopdureridespate.ro\/\"},{\"@type\":\"ListItem\",\"position\":2,\"name\":\"Cursuri\"}]},{\"@type\":\"WebSite\",\"@id\":\"https:\/\/stopdureridespate.ro\/#website\",\"url\":\"https:\/\/stopdureridespate.ro\/\",\"name\":\"SPS\",\"description\":\"Pentru dureri de spate\",\"publisher\":{\"@id\":\"https:\/\/stopdureridespate.ro\/#organization\"},\"potentialAction\":[{\"@type\":\"SearchAction\",\"target\":{\"@type\":\"EntryPoint\",\"urlTemplate\":\"https:\/\/stopdureridespate.ro\/?s={search_term_string}\"},\"query-input\":{\"@type\":\"PropertyValueSpecification\",\"valueRequired\":true,\"valueName\":\"search_term_string\"}}],\"inLanguage\":\"ro-RO\"},{\"@type\":\"Organization\",\"@id\":\"https:\/\/stopdureridespate.ro\/#organization\",\"name\":\"SPS\",\"url\":\"https:\/\/stopdureridespate.ro\/\",\"logo\":{\"@type\":\"ImageObject\",\"inLanguage\":\"ro-RO\",\"@id\":\"https:\/\/stopdureridespate.ro\/#\/schema\/logo\/image\/\",\"url\":\"https:\/\/stopdureridespate.ro\/wp-content\/uploads\/2017\/11\/cropped-spslogo-e1510212007437.png\",\"contentUrl\":\"https:\/\/stopdureridespate.ro\/wp-content\/uploads\/2017\/11\/cropped-spslogo-e1510212007437.png\",\"width\":200,\"height\":36,\"caption\":\"SPS\"},\"image\":{\"@id\":\"https:\/\/stopdureridespate.ro\/#\/schema\/logo\/image\/\"}}]}<\/script>\n<!-- \/ Yoast SEO plugin. -->","yoast_head_json":{"title":"Cursuri - SPS","robots":{"index":"index","follow":"follow","max-snippet":"max-snippet:-1","max-image-preview":"max-image-preview:large","max-video-preview":"max-video-preview:-1"},"canonical":"https:\/\/stopdureridespate.ro\/?page_id=107","og_locale":"ro_RO","og_type":"article","og_title":"Cursuri - SPS","og_description":"Online Cursuri Exercitarea de la confortul propriei case. \u00cenregistra\u021bi-v\u0103 \u0219i bucura\u021bi-v\u0103 de cursurile noastre online cu un lector certificat. Afla\u021bi mai multe","og_url":"https:\/\/stopdureridespate.ro\/?page_id=107","og_site_name":"SPS","article_modified_time":"2020-01-20T21:37:40+00:00","twitter_card":"summary_large_image","twitter_misc":{"Timp estimat pentru citire":"1 minut"},"schema":{"@context":"https:\/\/schema.org","@graph":[{"@type":"WebPage","@id":"https:\/\/stopdureridespate.ro\/?page_id=107","url":"https:\/\/stopdureridespate.ro\/?page_id=107","name":"Cursuri - SPS","isPartOf":{"@id":"https:\/\/stopdureridespate.ro\/#website"},"datePublished":"2017-09-11T19:51:36+00:00","dateModified":"2020-01-20T21:37:40+00:00","breadcrumb":{"@id":"https:\/\/stopdureridespate.ro\/?page_id=107#breadcrumb"},"inLanguage":"ro-RO","potentialAction":[{"@type":"ReadAction","target":["https:\/\/stopdureridespate.ro\/?page_id=107"]}]},{"@type":"BreadcrumbList","@id":"https:\/\/stopdureridespate.ro\/?page_id=107#breadcrumb","itemListElement":[{"@type":"ListItem","position":1,"name":"Home","item":"https:\/\/stopdureridespate.ro\/"},{"@type":"ListItem","position":2,"name":"Cursuri"}]},{"@type":"WebSite","@id":"https:\/\/stopdureridespate.ro\/#website","url":"https:\/\/stopdureridespate.ro\/","name":"SPS","description":"Pentru dureri de spate","publisher":{"@id":"https:\/\/stopdureridespate.ro\/#organization"},"potentialAction":[{"@type":"SearchAction","target":{"@type":"EntryPoint","urlTemplate":"https:\/\/stopdureridespate.ro\/?s={search_term_string}"},"query-input":{"@type":"PropertyValueSpecification","valueRequired":true,"valueName":"search_term_string"}}],"inLanguage":"ro-RO"},{"@type":"Organization","@id":"https:\/\/stopdureridespate.ro\/#organization","name":"SPS","url":"https:\/\/stopdureridespate.ro\/","logo":{"@type":"ImageObject","inLanguage":"ro-RO","@id":"https:\/\/stopdureridespate.ro\/#\/schema\/logo\/image\/","url":"https:\/\/stopdureridespate.ro\/wp-content\/uploads\/2017\/11\/cropped-spslogo-e1510212007437.png","contentUrl":"https:\/\/stopdureridespate.ro\/wp-content\/uploads\/2017\/11\/cropped-spslogo-e1510212007437.png","width":200,"height":36,"caption":"SPS"},"image":{"@id":"https:\/\/stopdureridespate.ro\/#\/schema\/logo\/image\/"}}]}},"_links":{"self":[{"href":"https:\/\/stopdureridespate.ro\/index.php?rest_route=\/wp\/v2\/pages\/107","targetHints":{"allow":["GET"]}}],"collection":[{"href":"https:\/\/stopdureridespate.ro\/index.php?rest_route=\/wp\/v2\/pages"}],"about":[{"href":"https:\/\/stopdureridespate.ro\/index.php?rest_route=\/wp\/v2\/types\/page"}],"author":[{"embeddable":true,"href":"https:\/\/stopdureridespate.ro\/index.php?rest_route=\/wp\/v2\/users\/382396"}],"replies":[{"embeddable":true,"href":"https:\/\/stopdureridespate.ro\/index.php?rest_route=%2Fwp%2Fv2%2Fcomments&post=107"}],"version-history":[{"count":15,"href":"https:\/\/stopdureridespate.ro\/index.php?rest_route=\/wp\/v2\/pages\/107\/revisions"}],"predecessor-version":[{"id":747,"href":"https:\/\/stopdureridespate.ro\/index.php?rest_route=\/wp\/v2\/pages\/107\/revisions\/747"}],"wp:attachment":[{"href":"https:\/\/stopdureridespate.ro\/index.php?rest_route=%2Fwp%2Fv2%2Fmedia&parent=107"}],"curies":[{"name":"wp","href":"https:\/\/api.w.org\/{rel}","templated":true}]}}